. Is o composite?
False
Let c(s) = -135*s**3 + 7*s**2 + 57*s - 56. Is c(-11) a composite number?
False
Let r(d) = -16*d + 1673. Let b be r(105). Let h(t) = 2*t**3 + 7*t**2 + 9*t + 12. Let z(m) = -m**3 + m - 1. Let y(o) = h(o) + 3*z(o). Is y(b) composite?
True
Let n = -719 + -11191. Is ((-38)/(-114))/((-1 - 1)/n) a composite number?
True
Let g = 287 - 275. Suppose g*a - 11253 = 122535. Is a a prime number?
True
Suppose 575 = 8*h + 287. Suppose -h*n + 22*n = -14938. Is n prime?
False
Suppose -2*x - 2*x = -106832. Suppose 18*a = x - 4766. Is a composite?
True
Let x(m) = -m**3 + 7*m**2 - 9*m + 23. Let h be x(6). Suppose -h*a + 5350 + 29656 = r, 5*a - 3*r = 35002. Is a a composite number?
False
Suppose -2*k - 4*q = -536, 11*k + 2*q = 7*k + 1102. Let p = k - 207. Is p a prime number?
True
Let t(m) = -m**3 + 8*m**2 - 2*m + 14. Let s be t(8). Is (s + (-16130)/(-4))/(12/56) composite?
True
Is 4/(-15)*87/(-116)*5*418511 a prime number?
True
Suppose 4*q - 1354221 = -3*v + 1299652, 0 = q + 3*v - 663484. Is q prime?
True
Let p(q) = 209*q**2 + 21*q - 159. Is p(-28) prime?
True
Let k = -939 + 1372. Suppose -2*p = -153 - k. Is p a composite number?
False
Let d be (-1 - -1)*(-6)/18. Let h be 129*5 + (d/(-4))/(-2). Suppose 10*l - 1835 + h = 0. Is l prime?
False
Let f(o) = 628*o**3 - 6*o**2 + 10*o. Let z be f(2). Suppose -54*d + 64*d = z. Is d a prime number?
False
Is -188897*-1*(3 - 2) + (-40 - -37) a composite number?
True
Suppose 0 = -4*z - 4 + 4. Suppose -p + 22599 = 2*i, z*p + 11286 = i + 5*p. Is i composite?
True
Let t(c) = -c**3 - 14*c**2 - 36*c - 34. Let w be t(-24). Let j = 119 + w. Is j composite?
False
Let w be ((-9)/(-1))/(2/162). Suppose 16*a - 11*a = 4795. Suppose -a = -8*s + w. Is s a composite number?
False
Let p be 1 - -5 - (4 + (-2)/1). Let t be 18/12 + (-54)/p. Is (t/(-21))/1 - 339/(-7) prime?
False
Suppose -4443 = 4*v - 7*v. Let m be 0*(21/18 - (-4)/(-6)). Suppose o + m*o = v. Is o a composite number?
False
Let g be (-2)/(3/(-6) + 1) - -1052. Suppose -y + 1188 = 5*s, 1339 = 2*y - s - g. Is y prime?
True
Suppose j + 18 = 2*x, 6*x + 3*j = 4*x + 26. Suppose 0 = x*p + 12891 - 54161. Is p prime?
True
Suppose -3*v = -k + 137401, -5*k + 28*v - 26*v = -686927. Is k a composite number?
False
Suppose -u + 333 = 8*u. Let j = u - 32. Suppose 3*m - j*r = -10*r + 387, 4*m - 516 = -4*r. Is m prime?
False
Is (-522)/(-1392) + 970741/8 a prime number?
True
Suppose 4*m - 156 = -4*i, -2*m - 23 = 5*i - 218. Let o be (130/i)/((-2)/3). Is o/((-15)/(-12)) + 549 a composite number?
True
Let h(v) = -9*v - 50. Let f be h(-6). Suppose -2*x = -2, f*d - 3*x = 10915 + 8526. Is d a prime number?
True
Suppose -3404441 - 5893419 = -22*m. Is (14/10)/(26/m) a composite number?
True
Suppose 65*t - 3671868 - 1867560 = -1158038. Is t a composite number?
True
Is 11047311/12 + 74/(-296) composite?
False
Let l be (1 + 2)*1847 + 0/(-14). Let o = l + -3592. Is o composite?
False
Let b(c) = -313949*c - 336. Is b(-1) prime?
True
Is (914212/20 - 12/20) + -3 composite?
False
Suppose 144 = -8*r + 4*r. Let t = 28 + r. Let b(l) = 7*l**2 - 7*l - 5. Is b(t) a composite number?
False
Let d be (0 - -3)/(-6)*10/(-5). Let u be (-2)/((-2)/2 - d). Is (u/(12437/(-3109) - -4))/(-1) a prime number?
True
Let m(d) = d**3 + 16*d**2 - 19*d - 40. Let x be m(-17). Let z be (-27)/x*41232/(-8). Is 6/57 + z/(-57) a prime number?
False
Suppose -143567*r + 143557*r = -1498030. Is r prime?
True
Suppose -8*b + 97933 = -74995. Suppose 4*z - b = 3*g, 2*g = -z + 7*g + 5421. Is z prime?
False
Let f = 24249 + 3854. Suppose -4*n = 4*s + 9759 - f, 0 = -3*s - 4*n + 13758. Is s a prime number?
False
Let s(k) = k + 9. Let q(m) = -m**3 + 12*m**2 - 11*m - 7. Let h be q(11). Let o be s(h). Suppose -o*b - 934 = -4*b. Is b composite?
False
Let d = -389 + 392. Suppose -2321 = -l - d*c + 3738, 4*c = 5*l - 30219. Is l composite?
False
Suppose -4*x + 5*x - 549 = 0. Suppose 0 = -2*n + 19 + 715. Suppose 4*k - n = 3*a - 2042, a + k = x. Is a a prime number?
False
Let m(p) = 1849*p + 41. Suppose -2*z + 31 = z + 5*q, -2*z + 23 = q. Is m(z) a composite number?
False
Let f(q) = -q**2 + 11*q - 16. Let h be f(9). Suppose 2*s = -h*s + 8. Suppose 0 = -4*x + 5*g + 3575, -4*g + 3*g - 1789 = -s*x. Is x composite?
True
Suppose 25901 = 3*h + y, -5*y - 43179 = -5*h - 4*y. Suppose 4*f = -f + h. Is f a prime number?
False
Let n = 758 + -652. Let a = n + 32953. Is a a prime number?
False
Let y(r) = r**3 - 69*r**2 - 17*r - 2895. Is y(74) a prime number?
True
Let l(t) be the second derivative of -t**4/4 - 13*t**3/6 + 7*t**2/2 - 9*t. Let s be l(-14). Let m = s + 1282. Is m composite?
False
Suppose 9 = 2*o - 17. Suppose 2*l - 4*l = 3*q + o, -5*q - 21 = 3*l. Is (1*1/l)/(2/(-12548)) prime?
True
Let j = 408 + 7585. Is j a composite number?
False
Let y be 26/12 - (8 - 94/12). Suppose 2*p - 13006 = 4*k, 0 = -p + y*p - 5*k - 6491. Is p a prime number?
False
Suppose -2*h - 4*w + 222314 = 0, 2*h - 5*w + 142090 - 364404 = 0. Is h a composite number?
True
Let z be (23/((-759)/(-453860)))/((-1)/(-3)). Suppose 13*q - 23*q = -z. Is q composite?
True
Suppose 508905 = 17*l - 923553 + 265289. Is l composite?
True
Let v(n) = n**2 + 5*n - 1. Let d be v(-4). Let z(q) = 8*q - 12*q + 9*q - 2 + 15*q**2 - 1. Is z(d) a composite number?
False
Let p be ((1 - 2)*-1)/(3/(-9)). Let u(z) = 626*z. Let h be u(p). Is -5 + h/(-7) - 4/14 composite?
False
Is 10 - (16 - 7)*-3273 composite?
True
Let b(r) = -21*r**3 - r**2 - 39*r - 10. Let s(x) = -14*x**3 - 26*x - 7. Let y(d) = 5*b(d) - 7*s(d). Is y(-10) a prime number?
False
Suppose 702864 = 16*c - 33959 + 51415. Is c composite?
True
Suppose 21*r = 34*r - 839683. Is r composite?
False
Let n(g) = 4048*g**3 + 8*g**2 - 7*g. Let o(v) = -v**2 - 6*v - 7. Let x be o(-2). Is n(x) prime?
True
Suppose 0 = -38*f - 156700 - 31400. Let v = f + 7187. Is v composite?
False
Let f be (8/5*2)/((-8)/(-20)). Let b(s) = 22*s**2 - s - 39. Is b(f) composite?
False
Suppose 0 = j + 4, -2858 = t - 4*j - 12751. Let g = t - 6674. Is g a composite number?
False
Let q(l) = 5*l - 44. Let w be q(7). Is 1/((-6)/w*(-3)/(-8390)) a prime number?
False
Is 9/(-24) - (-11394075)/264 a composite number?
False
Let h = 88026 + 186517. Is h prime?
False
Let d(p) = -10*p**2 - 5*p - 16. Let v be d(9). Let l = -120 - v. Is l composite?
False
Suppose -4*q - 19 = -r, 11*q - 10*q = -3. Suppose -r*l + 1208 + 4826 = 0. Is l composite?
True
Suppose -3*r = -2*m - r - 14, 0 = 4*r - 20. Let z be (1/m)/((-4)/(-8)) - -1. Suppose -7*v + 1242 + 4057 = z. Is v a prime number?
True
Let u(t) = -t**3 + 20*t**2 + 3*t + 36. Suppose -25 = 2*p - 55. Let n be u(p). Suppose 2*i + 3*y = 583, 3*i - 7*i + n = -2*y. Is i a composite number?
True
Suppose 0 = 2*h - 3*v - 1721, 3*h - 2582 = 7*v - 3*v. Let p be 30/(-3) + -20 + 32. Suppose -y + 4*k + 431 = 0, -p*y - 4*k = -k - h. Is y a prime number?
True
Suppose 3*q - 33675 = -4*s, -5*s + s = q - 33665. Let f = s - 4408. Is f a composite number?
False
Suppose 5839 = 2*v - 5*d - 29205, 52591 = 3*v + 5*d. Is v composite?
True
Let i(t) = 1591*t - 221. Suppose -3*s + 3 + 0 = 0, f - 41 = -5*s. Is i(f) a composite number?
True
Suppose -15*r + 5*o = -13*r - 2933013, -3*r + 5*o = -4399532. Is r a prime number?
True
Let q(p) = -686*p + 188. Let b(o) = 4*o - 1. Let y(c) = 5*b(c) - q(c). Is y(18) prime?
False
Let k(f) = 361*f**2 + 262*f + 11. Is k(-28) prime?
True
Suppose -2*h = -224 + 214. Suppose -2*a + a + 317 = 0. Suppose h*x = -5*m - 849 + 2449, -x - 4*m + a = 0. Is x a composite number?
True
Let p(o) = 330*o**3 + 23*o**2 - 45*o - 133. Is p(13) prime?
False
Suppose 2*o + v = 4727, 2*o + 4*v = 7*v + 4723. Suppose 2*k - 1465 = -2*l + o, 0 = -4*l + 3*k + 7649. Is l prime?
True
Suppose 0 = -0*p - p - r + 9, p + 7 = 3*r. Suppose -3*c - 28 = -a, -a + p*a = 5*c + 56. Is (7/(84/c))/(2/(-7359)) a prime number?
False
Suppose 4*x - 15 = -5*y + 5, -x = -5*y + 20. Let l be 6/9*(-2022)/y + -2. Let j = -80 - l. Is j composite?
True
Let y be (-1)/(2/14 + (-288)/1134). Let j(r) = 61*r + 84. Is j(y) a composite number?
True
Suppose 4*t - 4*d + d = 15, -3*d = 2*t - 3. Suppose t*i - 3*m - 68208 = -6*m, -i + 22742 = -m. Is i prime?
True
Let i be -2 + -1 - (-26161 - 12). Suppose -3*v + i = 4*m, 0 = -4*v + 4 + 4. Is m composite?
True
Suppose -20*v + 8919664 = 17*v. Is v/12 - 3/27*3 composite?
